 composite?
True
Is 89950319 a prime number?
True
Is 7513457 a prime number?
False
Is 18795851 prime?
False
Is 22395277 a composite number?
False
Is 4650122 a prime number?
False
Is 23729873 a composite number?
False
Is 22927163 prime?
False
Is 7352621 composite?
False
Is 2743747 composite?
False
Is 27114771 composite?
True
Is 42255427 prime?
True
Is 90985891 a prime number?
True
Is 1463851 a prime number?
False
Is 88379 composite?
False
Is 148283 a composite number?
True
Is 7479523 a prime number?
False
Is 36639307 prime?
True
Is 306962407 a prime number?
True
Is 34997377 composite?
False
Is 47549599 prime?
True
Is 6529417 a prime number?
False
Is 53875721 a prime number?
True
Is 12027389 a prime number?
False
Is 598847 a composite number?
True
Is 6542797 a prime number?
False
Is 118775429 composite?
False
Is 208972067 a composite number?
False
Is 36239443 a composite number?
False
Is 70616131 composite?
True
Is 3145361 a composite number?
False
Is 39001553 composite?
True
Is 114380729 a composite number?
True
Is 848623 prime?
False
Is 11002499 a composite number?
False
Is 38923151 prime?
True
Is 8966831 a prime number?
True
Is 54905183 composite?
True
Is 29185067 composite?
False
Is 2088403 prime?
True
Is 8554327 composite?
False
Is 104760641 prime?
True
Is 5830223 a prime number?
False
Is 1858249 composite?
False
Is 32308951 composite?
True
Is 1177993 composite?
True
Is 236742383 prime?
False
Is 12945857 composite?
True
Is 748169 a prime number?
True
Is 4216351 composite?
False
Is 278098543 composite?
True
Is 26004427 a composite number?
True
Is 1121243 a prime number?
False
Is 10785077 a composite number?
False
Is 32547451 prime?
True
Is 322144501 prime?
False
Is 200845679 composite?
False
Is 3099121 a composite number?
True
Is 64442827 a prime number?
False
Is 681199 a composite number?
True
Is 2430487 composite?
False
Is 267913003 prime?
True
Is 4887419 a composite number?
True
Is 586933 composite?
False
Is 24914627 composite?
False
Is 31921399 composite?
False
Is 377804467 prime?
True
Is 43148447 a composite number?
True
Is 1831513 a composite number?
True
Is 2172119 a composite number?
True
Is 5421943 a composite number?
True
Is 1214849 composite?
False
Is 12957779 a prime number?
False
Is 26111489 composite?
False
Is 12990773 composite?
True
Is 2809351 a composite number?
False
Is 3561787 a composite number?
True
Is 3683491 prime?
False
Is 18957961 a composite number?
True
Is 874457 a prime number?
True
Is 3132407 composite?
False
Is 4731971 prime?
True
Is 216578719 composite?
True
Is 6299947 a prime number?
False
Is 233782379 a composite number?
False
Is 16321667 a composite number?
False
Is 712399 a prime number?
False
Is 784261 prime?
False
Is 60823589 composite?
False
Is 11397703 prime?
False
Is 48369899 a composite number?
True
Is 14185517 a prime number?
True
Is 1424603 composite?
False
Is 6477533 a composite number?
False
Is 3713419 a composite number?
True
Is 456871 composite?
False
Is 2847506 composite?
True
Is 6201641 prime?
True
Is 120187187 prime?
True
Is 3638383 a composite number?
True
Is 20640647 a prime number?
True
Is 23614883 prime?
True
Is 98016617 composite?
False
Is 227316191 a prime number?
True
Is 151422155 a prime number?
False
Is 129453931 a composite number?
True
Is 694717 a composite number?
False
Is 72763385 composite?
True
Is 7617839 a prime number?
False
Is 87865073 a prime number?
False
Is 257932453 a composite number?
False
Is 1497949 a composite number?
False
Is 21568637 composite?
True
Is 495765007 prime?
True
Is 276529823 a prime number?
False
Is 29689157 a composite number?
True
Is 132310279 a composite number?
True
Is 258896453 a composite number?
False
Is 1380551 a prime number?
True
Is 1213362373 composite?
False
Is 49639391 a composite number?
True
Is 898967 composite?
True
Is 172263479 prime?
False
Is 19252883 composite?
True
Is 1527079 a composite number?
False
Is 159592421 composite?
False
Is 253273 prime?
True
Is 20130707 a composite number?
False
Is 962959 a composite number?
False
Is 1174146437 prime?
True
Is 7554067 prime?
False
Is 34123 a composite number?
False
Is 848191 a prime number?
False
Is 538175713 prime?
True
Is 216024283 composite?
False
Is 1110679 composite?
False
Is 1989767 prime?
False
Is 63419159 a prime number?
False
Is 65878457 prime?
True
Is 3169469 prime?
False
Is 16318955 prime?
False
Is 3518513 a prime number?
True
Is 6641771 a prime number?
True
Is 5911447 a composite number?
True
Is 63418246 a composite number?
True
Is 885371 prime?
True
Is 2041546157 composite?
True
Is 20093443 a prime number?
False
Is 3954247 composite?
True
Is 2001997 a prime number?
True
Is 66633211 prime?
False
Is 27343214 a composite number?
True
Is 1535053 prime?
False
Is 36225899 prime?
True
Is 1069901197 prime?
False
Is 26305259 a prime number?
True
Is 2228717 a composite number?
True
Is 14628865 prime?
False
Is 46665893 composite?
True
Is 322107947 a composite number?
True
Is 96060359 a prime number?
False
Is 515087 a composite number?
False
Is 73891529 composite?
False
Is 2941199 a composite number?
False
Is 359424161 composite?
False
Is 88573657 prime?
True
Is 6078037 prime?
False
Is 1786549 prime?
False
Is 10929409 composite?
True
Is 50697163 a prime number?
False
Is 798997 prime?
False
Is 252446561 a prime number?
True
Is 1804303 a prime number?
True
Is 11804747 a composite number?
True
Is 29951261 a composite number?
False
Is 165822017 composite?
True
Is 611203 prime?
False
Is 576479 a prime number?
False
Is 365111 prime?
False
Is 5239483 a prime number?
True
Is 514891 composite?
True
Is 1430819 composite?
True
Is 4797827 a composite number?
True
Is 990547 a composite number?
False
Is 41827589 a prime number?
True
Is 526803 a prime number?
False
Is 90379853 a composite number?
False
Is 3365959 composite?
False
Is 1640689 a composite number?
False
Is 658751 composite?
False
Is 915911 prime?
True
Is 310701117 composite?
True
Is 765127351 prime?
True
Is 2941339 a composite number?
False
Is 15279007 a composite number?
False
Is 29025127 a composite number?
False
Is 525839 prime?
True
Is 8458783 a prime number?
True
Is 53500427 composite?
False
Is 310051 a prime number?
False
Is 22411159 composite?
True
Is 1394977 composite?
False
Is 284857 a prime number?
True
Is 1120409 a composite number?
True
Is 99120937 a prime number?
True
Is 114883589 a prime number?
False
Is 28633037 composite?
False
Is 808517 a composite number?
False
Is 55679231 a prime number?
True
Is 539638609 a prime number?
True
Is 6965705 a composite number?
True
Is 17825183 prime?
True
Is 43496527 composite?
True
Is 1078193 a prime number?
False
Is 841220527 prime?
False
Is 11259173 a prime number?
True
Is 298723 a prime number?
True
Is 16002247 prime?
False
Is 146207203 a prime number?
True
Is 51608497 a prime number?
True
Is 1209964181 prime?
False
Is 95047795 composite?
True
Is 1815251759 composite?
False
Is 5676719 a prime number?
True
Is 528397 composite?
True
Is 40043399 a prime number?
False
Is 1257951 a prime number?
False
Is 52822129 composite?
True
Is 484551415 a composite number?
True
Is 25724549 composite?
False
Is 932122063 composite?
False
Is 121881839 composite?
False
Is 9053587 composite?
False
Is 495927101 a composite number?
False
Is 2655660581 a composite number?
True
Is 44963441 composite?
False
Is 86038643 a composite number?
True
Is 41405411 a prime number?
False
Is 133162607 composite?
True
Is 316542731 a composite number?
False
Is 47223061 composite?
False
Is 3229157 a prime number?
False
Is 512269 composite?
False
Is 1240017401 prime?
False
Is 3686497 a prime number?
False
Is 8504921 a prime number?
False
Is 380503979 a prime number?
False
Is 11770274 a prime number?
False
Is 8778103 a prime number?
False
Is 511931 composite?
True
Is 52124879 prime?
True
Is 600250307 composite?
False
Is 4372666 prime?
False
Is 727387171 composite?
True
Is 6835313 prime?
True
Is 1102813 prime?
True
Is 3691949 prime?
True
Is 49612559 prime?
False
Is 66577691 a composite number?
True
Is 17877497 prime?
False
Is 55723753 composite?
False
Is 3046067 a prime number?
True
Is 3973129 a prime number?
True
Is 27171719 a prime number?
True
Is 19732117 prime?
False
Is 61008743 prime?
True
Is 69519823 composite?
True
Is 112